of n.
29
Suppose -14*q = -44*q - 660. What are the prime factors of (5/(-2))/(q/2244)?
3, 5, 17
Let b = -869 + 2502. Suppose 3*k - b = -550. List the prime factors of k.
19
Suppose -2 = -4*c - x, -4*c - 4 = -x - x. Suppose c = -3*j - 2*b + 94, 2*b = -5*j + 3*j + 66. Let q = j - 8. List the prime factors of q.
2, 5
Suppose -m + 4*b = -52, -3*m + 135*b = 132*b - 93. Let o(u) = u**2 + 4*u - 3. Let d be o(-5). Suppose -m + 4 = -d*v. List the prime factors of v.
2, 5
Let v = 17 + -19. Let y be (57 - -4)/((-2)/12) + v. List the prime factors of (0 + (-12 - -1))/(46/y).
2, 11
Let h = 722 + -121. Suppose 2*f - 171 = h. What are the prime factors of f?
2, 193
Suppose 24*c - 32*c = -12704. Let q = c + -857. What are the prime factors of q?
17, 43
Let v = 29 + -29. Suppose v = 8*q - 10*q + 352. Suppose -a + q = 3*a. What are the prime factors of a?
2, 11
List the prime factors of ((-198684)/180)/(4/(-20)).
5519
Let v = 26473 + -4566. List the prime factors of v.
19, 1153
Let m(h) = -224*h - 2803. What are the prime factors of m(-106)?
43, 487
Suppose -r - 55 = -4*p, 0 = -3*p - 2*r - 2*r + 27. Let k(n) = 57*n - 1299. Let l be k(23). Suppose -l*a = -p*a + 69. List the prime factors of a.
3, 23
Let a(n) = -58*n - 3. Let u be a(-10). Let z = -395 + u. Suppose -z - 52 = -3*b. List the prime factors of b.
2, 3, 13
Let v be (-2 + 0 - -2)/2. Let p be 2 + (-3 + v)/(5/10). What are the prime factors of 2 + 0 - (-21 - p)?
19
Let s(r) = r**3 + 13*r**2 + 18*r + 23. Let q be s(-14). Let u = 1649 + q. What are the prime factors of u?
2, 3, 17
Let c be (-9)/3 + 24/4. Suppose 2*w + 2*w = 0, -c*l = 4*w - 447. Suppose 4*g + 69 = h, g + 3 = 2*h - l. List the prime factors of h.
7, 11
Let q(i) = -i**2 - 11*i - 12. Let c be q(-7). Suppose -610 = -c*h + 6*h. Suppose 56*s - h*s + 180 = 0. List the prime factors of s.
2, 3
Suppose -47096 = -138*n + 494554. What are the prime factors of n?
5, 157
Suppose -44597 - 1592 = -13*l. Suppose -16*s = s - l. What are the prime factors of s?
11, 19
Suppose 4*a - 48*p + 35*p = 98215, -5*a - 2*p = -122860. List the prime factors of a.
2, 3, 5, 7, 13
Suppose -33*i + 68785 + 5152 = -43708. List the prime factors of i.
5, 23, 31
Let y(i) = 2*i**3 + 59*i**2 + 53*i + 8. List the prime factors of y(-23).
2, 2833
Suppose 100 - 275 = 5*d. Let k = d - -47. Suppose 7*n + k = 75. What are the prime factors of n?
3
Let w = 431 + 688. Let f = 1676 - w. List the prime factors of f.
557
Let s = 28678 + -6648. List the prime factors of s.
2, 5, 2203
Suppose -3712 - 1785 = -23*g. Let c = 357 + g. List the prime factors of c.
2, 149
Suppose -334*r = -26796972 + 798412. List the prime factors of r.
2, 5, 7, 139
Let p(d) = d - 2. Let w be p(-1). Let f be 51*(1 - -2*(-2)/w). Let o = f + -11. What are the prime factors of o?
2, 3
Let s(i) = i**3 + 52*i**2 + 54*i + 133. Let f be s(-51). List the prime factors of f*(-7244)/112 + (-4)/7.
3, 431
Suppose 0 = -100*f + 95*f + 85. Suppose 0 = -52*y - f*y + 138276. What are the prime factors of y?
2, 3, 167
Suppose 5 = -5*x + 15. Let s(h) be the second derivative of 13*h**3/3 + 2*h**2 - 5*h. What are the prime factors of s(x)?
2, 7
Let y(c) = 126 - 246 + 103*c + 96 + 16*c. List the prime factors of y(5).
571
What are the prime factors of 3 + (15 - 1249260)/(-23)?
2, 3, 11, 823
Let y = -7 + -14. Let c = y + 25. Suppose c*j = -99 + 315. What are the prime factors of j?
2, 3
Let m be (-67)/(0 + (-4)/20). Suppose -5*q - 822 = i, -5*i + 6 + 9 = 0. Let u = m + q. List the prime factors of u.
2, 5, 17
List the prime factors of 2782 + 4 + ((-12)/(-5) - 48/120).
2, 17, 41
Suppose -11983 = 15*l + 5181 - 93664. List the prime factors of l.
2, 3, 5, 17
Let i(k) be the first derivative of -257*k**2 + 46*k + 32. What are the prime factors of i(-3)?
2, 397
Let z(j) be the first derivative of 11*j**4/2 - j**3 + j**2/2 + j + 12. Let o be z(-1). Let c = 147 - o. What are the prime factors of c?
2, 43
Let z = -596 + 2555. Let m = z + -1142. List the prime factors of m.
19, 43
Let m(s) = -2*s**3 - 15*s**2 + 64*s + 406. List the prime factors of m(-24).
2, 7, 1277
Let h(u) = -u + 57. Let y be h(19). Suppose 43*r - 840 = y*r. What are the prime factors of r?
2, 3, 7
Suppose -l = -0*h + 4*h - 1914, -1443 = -3*h + 3*l. Let v = -27 + h. List the prime factors of v.
2, 113
Let l = -38068 + 54952. What are the prime factors of l?
2, 3, 7, 67
Let l be (-10)/5*(7 - 4/(-4)). List the prime factors of (-7052)/l - 1/(-4).
3, 7
Let i(h) = -3944*h - 99. What are the prime factors of i(-2)?
7789
What are the prime factors of 12/9*((17 - 9) + 107205/6)?
2, 17, 701
Let q = -85 - -90. Suppose -q*k - 3*z + 2924 = 551, 0 = 3*k + 5*z - 1411. What are the prime factors of k?
3, 53
Let k(y) be the first derivative of -y**3/3 + 22*y**2 + 48*y + 145. List the prime factors of k(33).
3, 137
Suppose -5*f - 2*h + 81235 = -9373, -36247 = -2*f + 3*h. What are the prime factors of f?
2, 13, 17, 41
Suppose -d + 32774 = 30*o - 26*o, d = 2*o + 32732. What are the prime factors of d?
2, 7, 2339
Let g = 44649 + -15520. Suppose 1643 = 28*t - g. What are the prime factors of t?
7, 157
Let n be 21/35*(105/(-3))/(-1). What are the prime factors of n/3 - 5730/(-6)?
2, 13, 37
Suppose 45*s = 32*s. Suppose s = -2*h - 30*o + 34*o + 1246, 643 = h + 3*o. List the prime factors of h.
631
Let q(h) = 1019*h + 16. Let b(k) = -1020*k - 18. Let u(t) = -3*b(t) - 4*q(t). Let p be u(-3). List the prime factors of -4*p/(-44) + (-14)/77.
2, 3, 23
Suppose 7 = 5*r - 4*r. Suppose 216 = r*x + 5*x. What are the prime factors of 1/((1/777)/(x/54))?
7, 37
Let l(k) = -k + 19. Let i be l(13). Suppose 8*x + 74 = -i. Let f = x - -251. List the prime factors of f.
241
Suppose -4*o + 8 = 3*k + 4, -2 = -k - 2*o. Suppose k = 3*a - 454 - 152. Let m = -112 + a. List the prime factors of m.
2, 3, 5
Let c be (-3 + 186/12)*22. Suppose -5*s + 5*l + c = 0, -5*s - 2*l + 174 = -80. List the prime factors of s.
2, 13
Let u = -967 - -975. Let q(b) = -8*b**2 - 9*b + b**2 + b**3 + 15 - 2. What are the prime factors of q(u)?
5
Let p = -260 - -279. Suppose p*n - 35*n = -12400. List the prime factors of n.
5, 31
Let z = -1 + 20. Let w(y) = 20*y**2 + 51*y**3 - 50*y**3 + 5 + z. What are the prime factors of w(-20)?
2, 3
Let z(d) = d**3 - 6*d**2 - d - 6. Let j be 4/((-7)/((-105)/6)). List the prime factors of z(j).
2, 3
Let q(u) = u**3 + 49*u**2 + 19*u - 4. Let p(m) = 2*m**3 - m**2 + m + 1. Let r(a) = p(a) + q(a). What are the prime factors of r(-15)?
2, 3, 31
Suppose 101*y + 26*y + 10*y - 673218 = 0. What are the prime factors of y?
2, 3, 7, 13
Let m be ((-5)/(20/(-152)))/(3/63). Let x = m - 462. What are the prime factors of x?
2, 3, 7
Let r = -71 + 21. Suppose 450 = -3*q + o, -o + 248 = -5*q - 498. Let k = r - q. What are the prime factors of k?
2, 7
Let z be 0 - 213727 - (15 + -12). List the prime factors of z/(-469) - (-4)/14.
2, 3, 19
Let m = 3072 + 14286. List the prime factors of m.
2, 3, 11, 263
Suppose 5*c - 132262 = -2*k + 60881, 0 = c + 3*k - 38613. What are the prime factors of c?
3, 79, 163
Let q = 16134 - 1364. List the prime factors of q.
2, 5, 7, 211
Suppose 2029 = -6*o - 25739. List the prime factors of (-6)/(-8) - (7 - o/(-16)).
283
List the prime factors of 2215638/54 - 10/(-15).
3, 47, 97
Let q(v) = -15*v - 14 - 7 - 15 + 19*v**2 + 5*v + 51. List the prime factors of q(-6).
3, 11, 23
Let v = 25 + -21. Suppose -4*f = -v*w + 8, -3*w = f + f - 21. Suppose 5*j = 5*r - 340, f*r + 3*j - 237 = -r. List the prime factors of r.
3, 7
Let w = -447 + 826. Let r = w - 94. List the prime factors of r.
3, 5, 19
Let c = -61 - -62. Suppose -2*k + 13 - c = 0. Suppose k*p - 737 = 85. What are the prime factors of p?
137
Let g be (3 - 27)*2/(-12). Let a(c) = 4 + 0*c**3 - 3*c - c**3 - 5*c + 7*c**2. What are the prime factors of a(g)?
2, 5
Let y(k) = 1331*k - 1420. List the prime factors of y(9).
10559
Suppose -21*w = -28*w + 1467 + 20394. What are the prime factors of w?
3, 347
Let c = 61 - 44. Let i = c + -29. List the prime factors of (-104)/(-18) + (i/27)/(-2).
2, 3
Suppose -36*i = -32*i - 684. Suppose -4*j + i = 155. Let z(o) = 4*o**3 - 3*o**2 + 4*o - 1. What are the prime factors of z(j)?
223
Let g(m) = m**3 - 19*m**2 + 19*m - 261. List the prime factors of g(27).
2, 3, 13
Let b(q) = -2*q**3 - q**2 - q. Let v be b(2). Supp